s of 153.
3, 17
What are the prime factors of 32324?
2, 8081
What are the prime factors of 1106?
2, 7, 79
What are the prime factors of 12895?
5, 2579
What are the prime factors of 257?
257
What are the prime factors of 1124?
2, 281
What are the prime factors of 6312?
2, 3, 263
List the prime factors of 10884.
2, 3, 907
List the prime factors of 396.
2, 3, 11
What are the prime factors of 7727?
7727
What are the prime factors of 47076?
2, 3, 3923
List the prime factors of 34964.
2, 8741
What are the prime factors of 858?
2, 3, 11, 13
List the prime factors of 4933.
4933
What are the prime factors of 78684?
2, 3, 79, 83
What are the prime factors of 30329?
13, 2333
What are the prime factors of 1400?
2, 5, 7
What are the prime factors of 3276?
2, 3, 7, 13
List the prime factors of 29207.
29207
What are the prime factors of 690?
2, 3, 5, 23
List the prime factors of 8812.
2, 2203
What are the prime factors of 72374?
2, 36187
List the prime factors of 1490.
2, 5, 149
What are the prime factors of 2524?
2, 631
What are the prime factors of 8144?
2, 509
List the prime factors of 89.
89
List the prime factors of 15930.
2, 3, 5, 59
List the prime factors of 35573.
35573
List the prime factors of 4310.
2, 5, 431
List the prime factors of 2085.
3, 5, 139
List the prime factors of 41271.
3, 13757
List the prime factors of 4403.
7, 17, 37
What are the prime factors of 35226?
2, 3, 19, 103
List the prime factors of 12424.
2, 1553
List the prime factors of 457.
457
List the prime factors of 39.
3, 13
What are the prime factors of 3132?
2, 3, 29
List the prime factors of 744.
2, 3, 31
What are the prime factors of 18587?
18587
What are the prime factors of 10192?
2, 7, 13
List the prime factors of 7997.
11, 727
What are the prime factors of 884?
2, 13, 17
List the prime factors of 281.
281
What are the prime factors of 14193?
3, 19, 83
What are the prime factors of 14835?
3, 5, 23, 43
What are the prime factors of 21201?
3, 37, 191
List the prime factors of 5186.
2, 2593
List the prime factors of 232.
2, 29
What are the prime factors of 8691?
3, 2897
What are the prime factors of 106378?
2, 53189
List the prime factors of 58238.
2, 37, 787
What are the prime factors of 669?
3, 223
List the prime factors of 1421.
7, 29
List the prime factors of 76245.
3, 5, 13, 17, 23
List the prime factors of 332.
2, 83
What are the prime factors of 6009?
3, 2003
List the prime factors of 3949.
11, 359
List the prime factors of 1425.
3, 5, 19
List the prime factors of 1322.
2, 661
List the prime factors of 2602.
2, 1301
List the prime factors of 14877.
3, 19, 29
What are the prime factors of 8723?
11, 13, 61
List the prime factors of 8521.
8521
List the prime factors of 602.
2, 7, 43
What are the prime factors of 31306?
2, 11, 1423
List the prime factors of 2939.
2939
What are the prime factors of 1665?
3, 5, 37
List the prime factors of 20872.
2, 2609
List the prime factors of 3249.
3, 19
What are the prime factors of 105390?
2, 3, 5, 1171
What are the prime factors of 447?
3, 149
What are the prime factors of 486?
2, 3
List the prime factors of 957.
3, 11, 29
List the prime factors of 520.
2, 5, 13
List the prime factors of 979.
11, 89
What are the prime factors of 40027?
13, 3079
List the prime factors of 17963.
11, 23, 71
List the prime factors of 13123.
11, 1193
List the prime factors of 140931.
3, 7, 2237
List the prime factors of 1903.
11, 173
What are the prime factors of 29775?
3, 5, 397
What are the prime factors of 3514?
2, 7, 251
List the prime factors of 114509.
43, 2663
List the prime factors of 134756.
2, 59, 571
What are the prime factors of 19295?
5, 17, 227
List the prime factors of 44094.
2, 3, 7349
What are the prime factors of 876?
2, 3, 73
List the prime factors of 221.
13, 17
List the prime factors of 5077.
5077
List the prime factors of 10156.
2, 2539
What are the prime factors of 1386?
2, 3, 7, 11
List the prime factors of 476.
2, 7, 17
List the prime factors of 90872.
2, 37, 307
List the prime factors of 1086.
2, 3, 181
List the prime factors of 597.
3, 199
List the prime factors of 2508.
2, 3, 11, 19
What are the prime factors of 52786?
2, 26393
What are the prime factors of 10531?
10531
List the prime factors of 3982.
2, 11, 181
What are the prime factors of 44567?
41, 1087
What are the prime factors of 833?
7, 17
What are the prime factors of 18131?
18131
List the prime factors of 15833.
71, 223
List the prime factors of 52422.
2, 3, 8737
List the prime factors of 7984.
2, 499
What are the prime factors of 310?
2, 5, 31
What are the prime factors of 1844?
2, 461
What are the prime factors of 46674?
2, 3, 2593
What are the prime factors of 745?
5, 149
What are the prime factors of 2595?
3, 5, 173
What are the prime factors of 14254?
2, 7127
List the prime factors of 6919.
11, 17, 37
List the prime factors of 12556.
2, 43, 73
What are the prime factors of 488?
2, 61
List the prime factors of 21701.
21701
What are the prime factors of 1706?
2, 853
List the prime factors of 39865.
5, 7, 17, 67
What are the prime factors of 2010?
2, 3, 5, 67
List the prime factors of 6154.
2, 17, 181
List the prime factors of 21601.
21601
What are the prime factors of 62?
2, 31
List the prime factors of 24345.
3, 5, 541
List the prime factors of 2613.
3, 13, 67
List the prime factors of 623.
7, 89
List the prime factors of 2038.
2, 1019
List the prime factors of 2139.
3, 23, 31
What are the prime factors of 92?
2, 23
What are the prime factors of 254?
2, 127
List the prime factors of 5025.
3, 5, 67
List the prime factors of 796.
2, 199
What are the prime factors of 11839?
11839
What are the prime factors of 52039?
13, 4003
List the prime factors of 921.
3, 307
What are the prime factors of 709?
709
What are the prime factors of 1221?
3, 11, 37
What are the prime factors of 667?
23, 29
List the prime factors of 49494.
2, 3, 73, 113
What are the prime factors of 14763?
3, 7, 19, 37
What are the prime factors of 1875?
3, 5
List the prime factors of 919.
919
List the prime factors of 6825.
3, 5, 7, 13
List the prime factors of 2287.
2287
List the prime factors of 56959.
7, 79, 103
List the prime factors of 5571.
3, 619
What are the prime factors of 4422?
2, 3, 11, 67
List the prime factors of 1356.
2, 3, 113
What are the prime factors of 2628?
2, 3, 73
What are the prime factors of 20067?
3, 6689
What are the prime factors of 43292?
2, 79, 137
List the prime factors of 29869.
7, 17, 251
What are the prime factors of 1046?
2, 523
List the prime factors of 235.
5, 47
What are the prime factors of 348?
2, 3, 29
List the prime factors of 13738.
2, 6869
What are the prime factors of 22663?
131, 173
List the prime factors of 70302.
2, 3, 11717
What are the prime factors of 36786?
2, 3, 6131
What are the prime factors of 11737?
11, 97
List the prime factors of 1349.
19, 71
List the prime factors of 22483.
22483
List the prime factors of 465.
3, 5, 31
List the prime factors of 1296.
2, 3
What are the prime factors of 6772?
2, 1693
List the prime factors of 46811.
46811
What are the prime factors of 21946?
2, 10973
List the prime factors of 714.
2, 3, 7, 17
List the prime factors of 20876.
2, 17, 307
List the prime factors of 4029.
3, 17, 79
List the prime factors of 20134.
2, 10067
What are the prime factors of 9907?
9907
What are the prime factors of 39480?
2, 3, 5, 7, 47
List the prime factors of 1159.
19, 61
What are the prime factors of 128787?
3, 42929
What are the prime factors of 43009?
41, 1049
What are the prime factors of 814?
2, 11, 37
List the prime factors of 1156.
2, 17
What are the prime factors of 77017?
77017
List the prime factors of 166363.
166363
List the prime factors of 126.
2, 3, 7
List the prime factors of 6969.
3, 23, 101
List the prime factors of 13970.
2, 5, 11, 127
List the prime factors of 16.
2
What are the prime factors of 515?
5, 103
What are the prime factors of 69583?
149, 467
What are the prime factors of 175?
5, 7
List the prime factors of 117.
3, 13
List the prime factors of 1015.
5, 7, 29
What are the prime factors of 1087?
1087
What are the prime factors of 1607?
1607
List the prime factors of 4538.
2, 2269
What are the prime factors of 386?
2, 193
List the prime factors of 4693.
13, 19
List the prime factors of 55365.
3, 5, 3691
What 